6)) + -13 + 0
20
What is (-31 - (31 - 41)) + -13?
-34
3 - (-4 + (9 - 18) - 3)
19
-8 + 7 + -4 + 3 - 4
-6
Evaluate (5 - -2) + (-34 - -24).
-3
(-1 - -1) + -20 + -1 + (12 - 7)
-16
What is the value of -7 - (-7 - -1) - -5?
4
Calculate (-11 - (-15 - -14)) + 16.
6
What is 430 + -401 + (8 - (-1 + -1)) - 11?
28
-2 + (16 - (15 - (-8 - -16))) + -6
1
-6 - (22 + -5 + -41)
18
-12823 + 12824 + (2 + -1 - 16)
-14
-1 - 28 - ((-9 - -13) + -10)
-23
What is the value of 3 - -2 - (12 + -10)?
3
(1358 - 1363) + 0 + -1
-6
Evaluate (-202 - -234) + (-2 - 1).
29
What is (-1 - 18) + 11 + -33 + 25?
-16
What is 1 + -2 - (0 + (-16 - -7))?
8
(-4 - 26) + 66 + -34
2
Calculate 7 + (-5 - -13) + -20.
-5
Evaluate 12 - 30 - (-6 - 26).
14
What is 0 - ((1 - 5) + 2 - 4)?
6
Evaluate -30 + (-16 - (18 - 57)).
-7
What is (20 - (6 - -3)) + -1?
10
What is 17 + -20 - (4 + -7 + 15)?
-15
13 + 29 + -28 - (1 - -3)
10
Calculate 9 + -57 + 5 + (-22 - -31) - -2.
-32
Calculate (-7 - -3) + 6 + -3 + 4 - 10.
-7
What is 29 + -32 - ((-7 - -5) + 5 - 4)?
-2
-16 + -5 + 233 + -248
-36
What is the value of 9 + (-33 - -26) + 21?
23
-14 + (-12 - (13 + 6 + -46))
1
Calculate -18 + 22 + (-11 - (0 + -2)).
-5
What is (9 - (9 - 12) - 10 - -9) + -27?
-16
1 - (5 - (-40 + 2 - -14))
-28
Calculate 9 + (-1 + -17 - -15).
6
What is 5 + -3 + 1 + -7 - (-5 + 1)?
0
What is -2 + 10 + -53 + 33?
-12
Evaluate -2 - (-7 + (-2 - -9)).
-2
Evaluate 6 - (5 + 18) - -8 - 3.
-12
(9 + -14 + 7 - 1 - 2) + -24
-25
Evaluate -10 - (-20 - (10 - 17)).
3
Calculate 18 - (4 + -22 + 28).
8
Evaluate (-1 + -5 - -1) + -13 + 5.
-13
What is (5 - -10 - 34) + 9?
-10
2 - (-15 + (10 + 5 - 12))
14
Evaluate -10 + 12 + -22 - -19.
-1
What is (9 - 2) + (-17 - -7) + -4?
-7
(-18 - -20 - 1 - (-1 + -3)) + -23
-18
7 - ((-6 - (-5 + -3 + 4)) + 4)
5
What is the value of -1 - 1 - (17 + -21) - -2?
4
Evaluate -44 + 43 + -6 + 2.
-5
What is (-1 - (6 + -7 + 8)) + 4?
-4
Evaluate -2 + (20 - (-3 + (-5 - -7))) + -7.
12
Evaluate -5 + (-24 - -41) + -2.
10
Calculate -1 - (-1 - -6 - (72 + -62)).
4
What is (-2 + 5 + -16 - -1) + 33?
21
What is the value of -22 - (-17 + (-4 - -11))?
-12
What is (22 + -16 - 6) + -1 + 1 - 14?
-14
What is (-55 - -61) + (0 - 0) + -18?
-12
5 + -16 + 12 - -11
12
Calculate -11 + 18 - (6 - (-1 - -3)).
3
22 - (5 - (-5 - -3))
15
What is 14 + -49 + 36 + 0 + -2?
-1
Evaluate (11 + -24 - -16) + 2 + 3 + -3.
5
-17 - -13 - (-9 + 15)
-10
Evaluate 1 - (-3 - (0 + -7 + (15 - 6))).
6
What is the value of -5 + -14 + 7 + 29 + -7?
10
Evaluate -6 - (7 + 0 - 12).
-1
Calculate 16 + (35 - 58) + (-2 - 7).
-16
Calculate -18 - (4 + -18 + 10).
-14
(-18 - (-31 - 16)) + -10 + 13
32
Evaluate -5 + -5 + 9 + -1 + -1 + 12.
9
2 + (-14 - 2) - -10
-4
Evaluate -19 + (5 - 4) + 5 - (-13 + 5).
-5
Evaluate -10 - (21 + -25 - 16).
10
Evaluate 5 - (13 + (-27 - -14)).
5
What is the value of 35 - 59 - (8 + -9)?
-23
Evaluate -3 - (6 - 5) - (-3 + 0).
-1
0 - 1 - ((-3 - -7) + -9 - 7)
11
Calculate -27 - (-30 + (26 - 29)).
6
Calculate 18 - (2 - (10 + -4 + (-10 - 2))).
10
What is the value of -5 - -3 - -3 - (-10 + -8 - -10)?
9
Evaluate -93 + 106 + (1 - 38) + (-8 - 1).
-33
What is the value of -2 - (-2 + -5) - (2 + -8)?
11
Evaluate 19 + (9 - 11 - 6) + -3.
8
Calculate ((27 - 11) + -18 - -19) + -22.
-5
Evaluate 3 - (-2 - (7 - (8 - 3))).
7
(-54 - (9 + -55)) + (-1 - 17)
-26
Evaluate -8 + -2 + -6 - -10.
-6
Evaluate -35 + 36 + (17 + (5 - 5) - -3).
21
229 - 230 - (1 - -6)
-8
Evaluate 2 + -28 - (-104 - -100) - 3.
-25
What is -22 - (15 + (-78 - -35))?
6
Evaluate (-2 + 26 - 0) + -15 + 9 + 6.
24
(7 - (0 + (-3 - -6))) + (4 - 17)
-9
What is 1 + 5 + (6 - (-1 + -6 - -12))?
7
Calculate 6 + 0 + 2 + -7 + 2 - -3.
6
Evaluate -15 + (-33 - -12) + 32.
-4
What is 18 - (-4 + 11 + 13)?
-2
Calculate 1 - 4 - -1 - (-4 - (18 + -8)).
12
What is the value of -70 + 66 + -1 + 2 - (7 - 0)?
-10
What is the value of -54 + 75 - (-10 - 0 - 3)?
34
What is -6 + (-1 - -4) + -5 + 1 + 7?
0
Evaluate 17 + (-33 - (18 - 10)).
-24
27 - 45 - -16 - (4 + 0)
-6
What is -16 + (2 - (-3 - -13)) + 14 + -7?
-17
Evaluate 14 + -18 + (6 - 9).
-7
What is (-11 - -7 - 11) + 1 + 25?
11
-1 + 27 + -12 + 14 + -1
27
-7 + 5 - (-1 - (-13 - (2 + 19)))
-35
Evaluate -1280 + 1267 - (-1 - (-1 - 6)).
-19
-10 - (17 + 3 + -24)
-6
What is the value of 21 + -15 + (-8 - 8)?
-10
2 + -13 - 4 - -7 - -6 - -26
24
Evaluate 3 - (8 - (-4 - 4 - -12)).
-1
44 + (-42 - -8) + (9 - 3)
16
29 + -6 + -32 + -1
-10
Calculate (-2 - 0) + -9 + -113 + 121.
-3
Evaluate 20 - (5 + (6 - 9 - -5)).
13
What is -7 + 0 + 16 + (10 - (5 - 0))?
14
-7 + (6 - 0) + 4 - 4
-1
Evaluate -17 - (9 + -21 + 5).
-10
What is the value of -8 - (-2 + (-2 - -1) - -4)?
-9
Evaluate 66 - (-2 + 32 + 9).
27
What is the value of -3 - -28 - (233 + -220)?
12
Calculate -5 + 2 - (-11 + 1 - -8).
-1
Evaluate -3 + -2 + 1 + (8 - 4) + -1.
-1
What is (-8 + 13 - -2) + 22 - (5 + 0)?
24
19 + -4 + (-3 - -12) + (-8 - -2)
18
What is (3 - (9 - 4)) + 9?
7
What is 2 + -3 - 25 - (636 + -654)?
-8
Calculate 14 + -16 - (-4 + -3).
5
What is the value of 5 + (-23 + 8 + 10 - (12 - 0))?
-12
What is the value of 29 - 3 - ((-3 - 10) + 15)?
24
Calculate -19 + -8 + 18 + 10 + -1.
0
What is 299 - 257 - (24 + -2)?
20
Calculate -24 + (9 - (-16 - (10 - 26))).
-15
Evaluate 8 - ((-12 - (-1 + 7 + -1)) + 8).
17
-20 + 21 + (17 - 28)
-10
22 + -33 - (-3 + (-21 - -2) + -1)
12
What is -5 + (2 - (1 - 0)) - (1539 - 1524)?
-19
What is the value of (3 - (-2 + 2)) + (-42 - -32)?
-7
Evaluate 5 - -7 - (14 - 21 - (-11 - 1)).
7
Calculate -21 + (10 - 19 - -23) + 14.
7
What is -4 - (2 + -10 + -2 + 0) - 8?
-2
-16 - (18 - 11 - 37)
14
Evaluate -2 + (-9 + -2 - -4).
-9
What is the value of 6 - ((0 - -4 - 9) + 14) - 10?
-13
Calculate ((5 - 2) + 5 + -2 - 13) + 1.
-6
Calculate -62 + 63 - (-6 + 0).
7
25 - (11 + 17) - -26
23
What is the value of -116 + 114 + -2 + (-3 - -14)?
7
Evaluate -12 - (0 + -6 + (22 - 24)).
-4
Calculate (40 - 37) + (-4 - (-1 - -3)).
-3
Calculate -19 - ((-7 - -12) + -11).
-13
(24 - 2) + (-50 + 41 - -8)
21
What is (41 - 15) + -7 + -3?
16
What is the value of (-5 - (2 - 14) - -1) + -20?
-12
Calculate 2 - (-1 - -12) - (-12 - -2 - -5).
-4
4 - 1 - (-152 - -137)
18
What is the value of (19 - (39 + 15)) + 11?
-24
Calculate 0 + 15 + (112 - 89) - 12.
26
Evaluate 0 - -10 - (-14 - (-6 - 11)) - 26.
-19
What is 530 + -533 + (0 + -1 - -17)?
13
Calculate (-1 - -21 - 27) + 2 + 11 + 2.
8
(-1 + -5 - (42 - 51)) + (-13 - -29)
19
What is the value of 11 + (1 + (14 - 7) - 35)?
-16
Evaluate 4 - (7 + -7 + 1 + 5 + 1).
-3
What is the value of 3 + (-3 - -3) - (-19 + 21)?
1
Evaluate (14 - 16) + (3 - 6).
-5
Calculate (-13 - (34 + -47)) + -1 + -1 + 15.
13
Calculate 0 - (17 + -10) - (-8 + 2).
-1
What is 67 + -81 + 2 + 0?
-12
26 + (-2 - (27 + -16))
13
-7 - ((6 - -2) + -8) - 0
-7
Evaluate (3 - -5) + -3 - -3 - (22 + -6).
-8
What is -10 + 18 - ((11 - 14) + 31 + -1)?
-19
What is the value of 14 - (39 - 11) - (1 - -1)?
-16
What is (-20 + 11 - (-2 - 3)) + 5?
1
Evaluate 17 + (25 - (23 - 6)).
25
Evaluate -9 - -6 - (-8 - -11) - -20.
14
What is the value of 68 + -65 + 1 + 1 + -5?
0
Calculate -17 + -9 + 8 + 6 - -14.
2
-6 + -7 - (-6 - 27 - -12)
8
Evaluate 19 + (-16 + 4 - -10).
17
Evaluate 1 + (14 - 9) - 19.
-13
What is -10 + 14 + (-2 - -5)?
7
What is the value of -19 + (22 - (-21 - -46))?
-22
What is the value of -1 + 35 + -9 + -15?
10
Calculate -8 - 6 - (-5 - (-7 - -16)).
0
Evaluate (-41 + 1 - -75) + -1.
34
12 + -4 - (-1 - -3 - (40 - 42))
4
Calculate 12 + -25 + (4 - (-5 + 7)).
-11
(-32 - -33) + (-1 + 3 - 0) + 11
14
What is the value of (-26 - -21) + (-3 - -12) - (3 - 13)?
14
Calculate -9 + (-13 - -2 - (-6 + -4)).
-10
Evaluate (2 - 2) + -6 - 4 - -9.
-1
What is the value of 6 - -3 - (-8 + -9 + (1 - -7))?
18
Calculate (-12 + 28 + -5 - 5) + (4 - -4).
14
Evaluate 0 - ((-1 + -11 - -1) + (26 - 23)).
8
Calculate 4 + 1 - (61 + -53).
-3
6 + 5 + 9 + -10 + -11
-1
Calculate -17 + 4 - ((3 - 11) + 2).
-7
What is (2 - 5) + 0 + 0 + -4?
-7
Evaluate 12 + -6 + 0 + (3 - 1).
8
Evaluate (8 - (7 + -14)) + -2 + 1.
14
What is 10 - 1 - (-88 + 106)?
-9
Evaluate 8 - (-5 + (3 - 4) + 2).
12
What is -25 - -23 - (-2 - (-10 + -5))?
-15
What is 1 + -29 + (-41 - -108 - 58)?
-19
Calculate 2 + 2 - (-21 + 10).
15
Evaluate (3 + (10 - -7) - (4 + -2)) + -1.
17
-1 - (-29 + 25 - (-17 - -2))
-12
Evaluate 1 + -22 + 841 + -838.
-18
What is (-14 - (-9 + (15 - 11))) + 2 - -17?
10
-12 